, 356449
List the prime factors of 1286351.
11, 10631
What are the prime factors of 1216354?
2, 608177
List the prime factors of 129420.
2, 3, 5, 719
What are the prime factors of 365899?
367, 997
What are the prime factors of 107043?
3, 31, 1151
List the prime factors of 992416.
2, 31013
List the prime factors of 127682.
2, 63841
What are the prime factors of 315811?
315811
List the prime factors of 4619674.
2, 2309837
What are the prime factors of 13363725?
3, 5, 178183
What are the prime factors of 1642715?
5, 328543
List the prime factors of 253892.
2, 63473
What are the prime factors of 144179?
7, 43, 479
List the prime factors of 523882.
2, 163, 1607
What are the prime factors of 750556?
2, 187639
List the prime factors of 281075.
5, 11243
List the prime factors of 121151.
121151
List the prime factors of 6313404.
2, 3, 526117
What are the prime factors of 373095?
3, 5, 8291
List the prime factors of 1645060.
2, 5, 83, 991
List the prime factors of 273336.
2, 3, 7, 1627
List the prime factors of 1214059.
7, 11, 15767
List the prime factors of 2338043.
2338043
What are the prime factors of 197566?
2, 173, 571
What are the prime factors of 7522194?
2, 3, 17, 29, 2543
What are the prime factors of 5892601?
11, 13, 89, 463
List the prime factors of 558385.
5, 181, 617
What are the prime factors of 920778?
2, 3, 19, 41, 197
List the prime factors of 30440357.
31, 981947
List the prime factors of 367996.
2, 197, 467
What are the prime factors of 1238926?
2, 13, 17, 2803
List the prime factors of 2216305.
5, 7, 13, 4871
List the prime factors of 2385085.
5, 477017
What are the prime factors of 850304?
2, 7, 13, 73
What are the prime factors of 2422884?
2, 3, 201907
What are the prime factors of 9964735?
5, 11, 103, 1759
List the prime factors of 3937010.
2, 5, 7, 11, 5113
What are the prime factors of 1801028?
2, 450257
What are the prime factors of 270599?
7, 29, 31, 43
List the prime factors of 152957.
7, 21851
What are the prime factors of 19938?
2, 3, 3323
What are the prime factors of 142504?
2, 47, 379
List the prime factors of 3901713.
3, 1300571
List the prime factors of 33719.
7, 4817
What are the prime factors of 9515745?
3, 5, 70487
List the prime factors of 988209.
3, 19, 5779
What are the prime factors of 276482?
2, 138241
What are the prime factors of 592662?
2, 3, 7, 103, 137
What are the prime factors of 3604594?
2, 7, 73, 3527
What are the prime factors of 2284960?
2, 5, 14281
What are the prime factors of 1216252?
2, 304063
What are the prime factors of 6755946?
2, 3, 1125991
What are the prime factors of 1043136?
2, 3, 1811
List the prime factors of 7719100.
2, 5, 77191
What are the prime factors of 1027481?
7, 13, 1613
What are the prime factors of 520603?
487, 1069
What are the prime factors of 12156407?
71, 131, 1307
List the prime factors of 13428389.
13, 23, 97, 463
List the prime factors of 365757.
3, 7, 17417
What are the prime factors of 908996?
2, 11, 73, 283
List the prime factors of 2049605.
5, 17, 24113
List the prime factors of 31690019.
37, 856487
What are the prime factors of 14914349?
14914349
What are the prime factors of 406473?
3, 157, 863
List the prime factors of 115429.
115429
List the prime factors of 879380.
2, 5, 43969
What are the prime factors of 1541989?
23, 67043
What are the prime factors of 390882?
2, 3, 65147
List the prime factors of 146150.
2, 5, 37, 79
List the prime factors of 8396597.
11, 47, 109, 149
List the prime factors of 980367.
3, 139, 2351
List the prime factors of 6839450.
2, 5, 37, 3697
List the prime factors of 5482509.
3, 241, 7583
What are the prime factors of 417830?
2, 5, 7, 47, 127
What are the prime factors of 9517975?
5, 23, 16553
What are the prime factors of 11117244?
2, 3, 926437
List the prime factors of 1532955.
3, 5, 102197
List the prime factors of 31911.
3, 11, 967
List the prime factors of 1084528.
2, 67783
List the prime factors of 1447326.
2, 3, 80407
List the prime factors of 1197987.
3, 7, 57047
List the prime factors of 3447959.
3447959
List the prime factors of 11674419.
3, 211, 18443
What are the prime factors of 833657?
11, 75787
What are the prime factors of 167544?
2, 3, 13, 179
What are the prime factors of 348929?
7, 7121
What are the prime factors of 2146343?
263, 8161
What are the prime factors of 14981904?
2, 3, 7, 89, 167
List the prime factors of 16255692.
2, 3, 451547
What are the prime factors of 418278?
2, 3, 7, 23, 433
List the prime factors of 272751.
3, 90917
What are the prime factors of 3039172?
2, 89, 8537
List the prime factors of 91259.
7, 13037
List the prime factors of 4065487.
19, 213973
List the prime factors of 3962252.
2, 7, 141509
List the prime factors of 185393.
13, 1097
List the prime factors of 777126.
2, 3, 7, 18503
List the prime factors of 635264.
2, 7, 709
What are the prime factors of 342824?
2, 42853
What are the prime factors of 483164?
2, 11, 79, 139
What are the prime factors of 1094014?
2, 547007
What are the prime factors of 8564243?
17, 503779
What are the prime factors of 5530301?
7, 790043
What are the prime factors of 306452?
2, 23, 3331
What are the prime factors of 1524280?
2, 5, 53, 719
What are the prime factors of 610342?
2, 43, 47, 151
List the prime factors of 1153517.
1153517
What are the prime factors of 5780448?
2, 3, 20071
List the prime factors of 11231017.
7, 37, 103, 421
What are the prime factors of 192137?
11, 17467
What are the prime factors of 2689106?
2, 7, 401, 479
What are the prime factors of 1664205?
3, 5, 110947
List the prime factors of 108411.
3, 36137
List the prime factors of 1224520.
2, 5, 11, 23
List the prime factors of 60573.
3, 61, 331
What are the prime factors of 24152689?
11, 31, 47, 137
List the prime factors of 15144912.
2, 3, 105173
List the prime factors of 1085986.
2, 11, 49363
List the prime factors of 15523436.
2, 23, 31, 5443
List the prime factors of 2977041.
3, 233, 4259
What are the prime factors of 591608?
2, 73951
List the prime factors of 12314612.
2, 3078653
List the prime factors of 861175.
5, 7, 19, 37
List the prime factors of 69501.
3, 23167
List the prime factors of 178071.
3, 59357
List the prime factors of 2362362.
2, 3, 393727
What are the prime factors of 7344752?
2, 459047
What are the prime factors of 957266?
2, 43, 11131
List the prime factors of 6681421.
6681421
What are the prime factors of 579098?
2, 13, 22273
List the prime factors of 216124.
2, 71, 761
What are the prime factors of 911966?
2, 11, 41453
List the prime factors of 3270404.
2, 67, 12203
List the prime factors of 2050560.
2, 3, 5, 89
What are the prime factors of 3967495?
5, 7, 113357
What are the prime factors of 23989602?
2, 3, 7, 13, 53, 829
List the prime factors of 1453422.
2, 3, 29, 8353
List the prime factors of 413218.
2, 13, 23, 691
What are the prime factors of 858831?
3, 47, 6091
What are the prime factors of 352990?
2, 5, 11, 3209
List the prime factors of 10891376.
2, 193, 3527
List the prime factors of 192158.
2, 96079
What are the prime factors of 16552488?
2, 3, 179, 3853
List the prime factors of 26216659.
7, 751, 4987
List the prime factors of 6805616.
2, 31, 13721
List the prime factors of 1061010.
2, 3, 5, 11789
What are the prime factors of 3220148?
2, 805037
What are the prime factors of 214879?
7, 30697
What are the prime factors of 360415?
5, 11, 6553
List the prime factors of 8416839.
3, 863, 3251
List the prime factors of 52632.
2, 3, 17, 43
List the prime factors of 7521653.
1439, 5227
List the prime factors of 2527821.
3, 251, 373
What are the prime factors of 412364?
2, 103091
What are the prime factors of 26113?
26113
List the prime factors of 1446414.
2, 3, 241069
List the prime factors of 3779195.
5, 7, 19, 5683
List the prime factors of 97662.
2, 3, 41, 397
What are the prime factors of 33898?
2, 17, 997
What are the prime factors of 71372?
2, 7, 2549
List the prime factors of 3036566.
2, 13, 116791
List the prime factors of 39726.
2, 3, 2207
List the prime factors of 9031129.
71, 311, 409
List the prime factors of 511721.
7, 41, 1783
What are the prime factors of 147789?
3, 16421
List the prime factors of 286378.
2, 31, 149
What are the prime factors of 10491425?
5, 7, 59951
What are the prime factors of 23352241?
11, 113, 18787
List the prime